 x + 6. Let d be h(-5). Let q be (-2)/(-6)*75*d. Calculate the greatest common factor of q and 10.
5
Suppose -3*x = -0*x - 4224. Suppose 0*v + x = 4*v. What is the greatest common divisor of v and 32?
32
Let x be (-505)/(-25) - 10/50. Let r be (-1 - 0 - -2) + 7. Calculate the highest common factor of r and x.
4
Let i(v) = -9*v - 81. Let m be i(-11). Let d be 4/10 + (-86)/(-10). What is the highest common divisor of m and d?
9
Let z(t) = -t**3 - t + 4. Let c be z(0). Let l = -74 - -79. Suppose l*f = -5*w + 11 + 304, 0 = c*w + 4. What is the highest common divisor of f and 8?
8
Let u(c) be the third derivative of 5*c**4/24 - 7*c**3/6 + 3*c**2. Let x be u(9). What is the greatest common divisor of x and 342?
38
Let o be (-7)/((-14)/212) - 4/2. Calculate the highest common factor of o and 13.
13
Let l(g) = -2*g + 4. Let m be l(-4). What is the greatest common divisor of 96 and m?
12
Let o be 3/(-6) + 14/4. What is the greatest common factor of 12 and o?
3
Suppose 0 = 4*y + 4*m - 8, -5*y - 2 = -3*y - m. Suppose y = 3*f - 5*f + 22. Calculate the greatest common divisor of 11 and f.
11
Suppose 24*l = 28*l - 168. What is the greatest common factor of l and 21?
21
Let r be (-90)/(-8) + 15/20. What is the highest common divisor of 108 and r?
12
Let o be 4 + -1 + (-2 - -1). Let l be (6/(-9))/(o/(-84)). Calculate the greatest common divisor of l and 14.
14
Let j(f) = 8*f**2 + f. Suppose -6*s = 5*v - s + 30, 5*v - 3*s = 10. Let o be j(v). Calculate the highest common factor of 35 and o.
7
Let u = 4 + 1. Let k be ((-30)/(-12))/(1/2). What is the greatest common factor of u and k?
5
Let q = -14 - -25. Let z = -10 + q. Calculate the highest common divisor of 1 and z.
1
Suppose s = 5*i - 15, -s + 16 = 3*s - i. Let d = 8 - s. Suppose d*y + y - 40 = 0. What is the greatest common divisor of y and 50?
10
Suppose 0 = g + 3*o - o - 4, -2 = -2*g - 2*o. Let m be (147/(-6))/(g/4). What is the greatest common factor of 7 and m?
7
Suppose v + 6 = -2*v. Let c be 217/4 - v/(-8). Let o(t) = 2*t - 4. Let g be o(5). What is the greatest common factor of c and g?
6
Let i(w) = -6*w**2 - 2*w + 9. Let l(m) = m**2 - 1. Let k(c) = -i(c) - 5*l(c). Let r be k(-11). Calculate the greatest common divisor of 19 and r.
19
Let z be (-3 + -3 + 7)*-1. Let k(y) = -11*y**3 - 2*y - 1. Let c be k(z). What is the highest common divisor of c and 6?
6
Suppose -5*a + 17 = -43. Let w = 193 + -157. Calculate the highest common divisor of w and a.
12
Let l = 190 + -136. Suppose 2*y - 5*y + l = 0. Calculate the greatest common divisor of 36 and y.
18
Let x be (-192)/(-8) + 1 + -4. Suppose 2*u - 1 - 9 = -2*m, u = 3*m + x. Calculate the highest common divisor of u and 9.
9
Let r(i) = -16*i - 18*i - 54*i. Let a be r(-2). What is the greatest common factor of 16 and a?
16
Let j = -10 + 15. Suppose 0*n - j*r = 3*n - 26, -18 = -n + 3*r. Suppose -5*g + 18 = -n. Calculate the greatest common factor of 9 and g.
3
Let f(h) = -h**3 + 2 + 0 + 2*h + 4*h**2 + 4*h - h. Let a be f(5). Calculate the highest common factor of a and 3.
1
Let y be ((-1)/(-2))/((-1)/(-6)). Suppose 0 = -0*m + m - y. Let c be 2/6 + 124/6. Calculate the greatest common factor of c and m.
3
Suppose -2*n = n. Suppose n = 2*d - 6. Suppose 0 = -5*f - t + 17, 4*f + d*t = 2*t + 14. What is the greatest common factor of f and 15?
3
Let r be 26/2 + (-1)/(-1). Calculate the highest common divisor of r and 98.
14
Let s = -44 - -62. Let j(m) = -2*m + 11. Let q(b) = -b + 6. Let i(r) = -4*j(r) + 7*q(r). Let v be i(4). Calculate the greatest common factor of s and v.
2
Let n = 2 - -54. What is the greatest common factor of 14 and n?
14
Suppose -4*g = -5*b + 108, -5*b + 4*b - 3*g + 14 = 0. Suppose -r - 4*r + b = 0. Let f be 22 + -1 + (1 - 2). Calculate the greatest common divisor of r and f.
4
Suppose -3*r + 12 = -45. Suppose 0*w + 532 = 4*w. What is the greatest common factor of w and r?
19
Suppose 1 = -t + 2*c + 3*c, 2*t = -2*c + 10. What is the highest common factor of 28 and t?
4
Let p(l) = 16*l + 1. Suppose 0 = 4*s - 1 - 3. Let i be p(s). What is the greatest common factor of 187 and i?
17
Let l(f) = -f**2 - 14*f - 12. Let k be l(-9). Calculate the highest common factor of k and 11.
11
Suppose 3*z = -2*i + 712, 0 = -z + 3*z - 3*i - 479. Calculate the greatest common divisor of 34 and z.
34
Let d = 16 - 10. Let f be 1/3 - 394/(-6). What is the greatest common divisor of f and d?
6
Let q = -12 + 56. Let v = 162 - q. Let l = v + -84. Calculate the highest common factor of l and 17.
17
Let u be 2 - (6*-3)/3. Let a be (-88)/(-14) - u/28. Let q be 32/a + (-4)/12. Calculate the greatest common factor of 1 and q.
1
Let d(g) = -g**2 + g + 1. Let v be d(-2). Let s = -3 - v. Suppose 5*f = s*f + 108. Calculate the greatest common divisor of f and 12.
12
Let w be 6*((-8)/(-1) - -4). Let q = 25 + -8. Let a = w - q. Calculate the greatest common divisor of a and 11.
11
Suppose 3*a + 244 = 706. Calculate the highest common factor of a and 14.
14
Suppose -12 = -10*h + 9*h. Calculate the highest common divisor of h and 84.
12
Suppose -x = 2*z - 25, x + 6*z - 2*z = 31. Suppose 474 = 5*r + v - 2*v, 3*v = -5*r + 478. Calculate the highest common divisor of r and x.
19
Let y(t) = t**2 - t + 1. Let n(k) = -2*k - 6. Let x(v) = n(v) + 2*y(v). Let l be x(-3). Calculate the greatest common divisor of l and 13.
13
Let l(o) = 13*o**2 - o - 1. Suppose -m + 2*m = 4, 0 = -5*c + 4*m - 21. Let f be l(c). Let u = 26 - f. Calculate the highest common divisor of u and 117.
13
Let i = -26 - -54. What is the highest common divisor of i and 84?
28
Let z(h) = -87*h**3 + 2*h**2 - 1. Let t be z(-1). Let l be 2/(-2 + (-18)/(-8)). Calculate the greatest common factor of l and t.
8
Suppose -4*t + z = -2*z - 84, -4*z + 20 = 2*t. What is the greatest common divisor of t and 18?
18
Suppose 5 + 20 = 5*r. Suppose 2*c = r*c - 396. What is the greatest common divisor of c and 12?
12
Let k be (-2 - (2 + -3))*-11. Let o(q) = -7*q - 35. Let g be o(-16). What is the highest common divisor of g and k?
11
Let p(i) = -i**2 - 6*i - 6. Let n be p(-5). Let w be n + 3 + 3*-1. Let q = 5 + w. Calculate the highest common factor of 4 and q.
4
Let b be (-2 - 1)*10/(-15). What is the highest common factor of b and 4?
2
Let k = -4 - -7. Let s = -3 + k. Let v = 12 + s. Calculate the greatest common factor of v and 60.
12
Suppose 4*j + 288 = 8*j. What is the greatest common divisor of 9 and j?
9
Suppose -v = 2*k - 219, -333 = -3*k - 5*v + 2*v. Calculate the highest common factor of 12 and k.
12
Let q = -17 + -9. Let y = -53 - q. Let w be ((-1)/3)/(3/y). Calculate the highest common factor of 3 and w.
3
Let n(s) = s**2 - 4*s + 4. Let j be n(5). Let i = j - 3. Suppose i = 4*z - 14. Calculate the highest common divisor of 5 and z.
5
Let d(f) be the second derivative of f**4/12 + 2*f**3/3 - 5*f. Let t be d(-10). What is the highest common divisor of t and 15?
15
Let m be (-1 + 2)*2/2. Let x(w) = 143*w**3 - w**2 + 3*w - 2. Let b be x(m). What is the greatest common factor of 13 and b?
13
Let p(l) = -3*l + 10. Let r be p(-6). Calculate the greatest common divisor of 28 and r.
28
Let d(g) = -g**2 + 65. Suppose 5*z = z. Let o be d(z). Let w(x) = -5*x - 107. Let y be w(-24). What is the greatest common divisor of o and y?
13
Let y(t) = -t**2 - 6. Let s be y(7). Let z = 143 + s. Calculate the highest common divisor of z and 11.
11
Let g(f) = -f**3 + 4*f**2 + 2*f + 1. Let q be g(4). Calculate the greatest common divisor of 9 and q.
9
Suppose -2*d - 8 = 2*d. Let k(a) = -a**3 + a. Let m be k(d). What is the greatest common divisor of 6 and m?
6
Let w = 65 - 46. Suppose 0 = -3*q + 174 + 225. What is the greatest common factor of q and w?
19
Let n(c) = -5*c - 3. Let v be n(-5). Let j(o) = o**2 - o + 11. Suppose 0*h = 4*h. Let x be j(h). Calculate the highest common factor of v and x.
11
Let i(h) = -7*h. Let v be i(7). Let n = v - -70. Let d be 248/18 - (-4)/18. What is the highest common factor of d and n?
7
Let g(j) = j**3 + 9*j**2 + 6*j. Let i be g(-6). Calculate the highest common factor of i and 96.
24
Suppose -2*l - 2*l = -84. Suppose -40 = -2*y + 170. Calculate the highest common divisor of l and y.
21
Suppose 0 = -4*p + 145 + 119. Calculate the highest common factor of 22 and p.
22
Let w be (-2 - -98) + -1 + 0. Suppose -50 - 